{"id":1209,"date":"2017-10-27T15:29:29","date_gmt":"2017-10-27T14:29:29","guid":{"rendered":"http:\/\/sylvie-edeline.com\/?page_id=1209"},"modified":"2017-10-27T15:48:32","modified_gmt":"2017-10-27T14:48:32","slug":"toux-asthmatique","status":"publish","type":"page","link":"https:\/\/sylvie-edeline.com\/index.php\/toux-asthmatique\/","title":{"rendered":"Toux persistante d&rsquo;une enfant de 3ans"},"content":{"rendered":"<p><span style=\"vertical-align: inherit;\"><span style=\"vertical-align: inherit;\">SMS re\u00e7u le 26 Octobre 2017<\/span><\/span><\/p>\n<p><span style=\"vertical-align: inherit;\"><span style=\"vertical-align: inherit;\">Enfant de 3ans que j avais d\u00e9j\u00e0 vu \u00e0 l&rsquo;\u00e2ge de 1 an et demi pour l&rsquo;ecz\u00e9ma dont la crise a \u00e9t\u00e9 arr\u00eat\u00e9 en 1 s\u00e9ance.<\/span><\/span><\/p>\n<p><span style=\"vertical-align: inherit;\"><span style=\"vertical-align: inherit;\">Aujourd&rsquo;hui, c&rsquo;est pour une toux persistante malgr\u00e9 les nombreux m\u00e9dicaments relativement important, que la maman vient me consulter.<\/span><\/span><\/p>\n<p><span style=\"vertical-align: inherit;\"><span style=\"vertical-align: inherit;\">Bonjour Sylvie<\/span><\/span><\/p>\n<p><span style=\"vertical-align: inherit;\"><span style=\"vertical-align: inherit;\">Un SMS de bon matin pour vous remercier: L\u00e9ontine un dormi comme un loir sans une toux toux pour la (me) reveiller! <\/span><span style=\"vertical-align: inherit;\">et debout \u00e0 8h15 contre 6h45 7h15 d&rsquo;habitude.<\/span><\/span><\/p>\n<p><span style=\"vertical-align: inherit;\"><span style=\"vertical-align: inherit;\">J&rsquo;esp\u00e8re que ce sera b\u00e9n\u00e9fique sur le long terme pour ma puce.<\/span><\/span><\/p>\n<p><span style=\"vertical-align: inherit;\"><span style=\"vertical-align: inherit;\">En tout cas, un grand merci. <\/span><span style=\"vertical-align: inherit;\">Belle journ\u00e9e<\/span><\/span><\/p>\n<p><span style=\"vertical-align: inherit;\"><span style=\"vertical-align: inherit;\">CR<\/span><\/span><\/p>\n","protected":false},"excerpt":{"rendered":"<p>SMS re\u00e7u le 26 Octobre 2017 Enfant de 3ans que j avais d\u00e9j\u00e0 vu \u00e0 l&rsquo;\u00e2ge de 1 an et demi pour l&rsquo;ecz\u00e9ma dont la crise a \u00e9t\u00e9 arr\u00eat\u00e9 en 1 s\u00e9ance. Aujourd&rsquo;hui, c&rsquo;est pour une toux persistante malgr\u00e9 les nombreux m\u00e9dicaments relativement important, que la maman vient me consulter. Bonjour Sylvie Un SMS de [&hellip;]<\/p>\n","protected":false},"author":1,"featured_media":0,"parent":0,"menu_order":0,"comment_status":"closed","ping_status":"closed","template":"","meta":[],"_links":{"self":[{"href":"https:\/\/sylvie-edeline.com\/index.php\/wp-json\/wp\/v2\/pages\/1209"}],"collection":[{"href":"https:\/\/sylvie-edeline.com\/index.php\/wp-json\/wp\/v2\/pages"}],"about":[{"href":"https:\/\/sylvie-edeline.com\/index.php\/wp-json\/wp\/v2\/types\/page"}],"author":[{"embeddable":true,"href":"https:\/\/sylvie-edeline.com\/index.php\/wp-json\/wp\/v2\/users\/1"}],"replies":[{"embeddable":true,"href":"https:\/\/sylvie-edeline.com\/index.php\/wp-json\/wp\/v2\/comments?post=1209"}],"version-history":[{"count":5,"href":"https:\/\/sylvie-edeline.com\/index.php\/wp-json\/wp\/v2\/pages\/1209\/revisions"}],"predecessor-version":[{"id":1218,"href":"https:\/\/sylvie-edeline.com\/index.php\/wp-json\/wp\/v2\/pages\/1209\/revisions\/1218"}],"wp:attachment":[{"href":"https:\/\/sylvie-edeline.com\/index.php\/wp-json\/wp\/v2\/media?parent=1209"}],"curies":[{"name":"wp","href":"https:\/\/api.w.org\/{rel}","templated":true}]}}