{"id":122,"date":"2016-09-09T10:56:01","date_gmt":"2016-09-09T09:56:01","guid":{"rendered":"http:\/\/sylvie-edeline.com\/?page_id=122"},"modified":"2025-03-03T16:59:43","modified_gmt":"2025-03-03T15:59:43","slug":"mon-histoire","status":"publish","type":"page","link":"https:\/\/sylvie-edeline.com\/index.php\/mon-histoire\/","title":{"rendered":"Mon Histoire"},"content":{"rendered":"<h3><strong><em><span style=\"color: #008000;\"><span style=\"vertical-align: inherit;\"><span style=\"vertical-align: inherit;\">Asthme, allergique et d\u00e9veloppant de l&rsquo;ecz\u00e9ma d\u00e8s la naissance, j&rsquo;ai \u00e9volu\u00e9 dans un milieu tr\u00e8s cart\u00e9sien. <\/span><span style=\"vertical-align: inherit;\">Et pourtant!<\/span><\/span><\/span><\/em><\/strong><\/h3>\n<p><strong><span style=\"color: #000000;\"><span style=\"vertical-align: inherit;\"><span style=\"vertical-align: inherit;\">A 25ans, je me suis int\u00e9ress\u00e9e <\/span><\/span><span style=\"vertical-align: inherit;\"><span style=\"vertical-align: inherit;\">\u00e0 la m\u00e9decine par les plantes, l&rsquo;hom\u00e9opathie, la phytoth\u00e9rapie, les oligo-\u00e9l\u00e9ments &#8230;<\/span><\/span><\/span><\/strong><\/p>\n<p><strong><span style=\"color: #000000;\"><span style=\"vertical-align: inherit;\"><span style=\"vertical-align: inherit;\">Je n&rsquo;ai pu qu&rsquo;admettre l&rsquo;efficacit\u00e9 de ces pratiques, car j&rsquo;ai r\u00e9ussi \u00e0 me passer de nombreux m\u00e9dicaments pris quotidiennement. <\/span><\/span><\/span><\/strong><span style=\"vertical-align: inherit;\"><strong><span style=\"color: #000000;\"><span style=\"vertical-align: inherit;\">L&rsquo;avenir m&rsquo;a sembl\u00e9 plus souriant car all\u00e9g\u00e9 des fardeaux port\u00e9s jusqu&rsquo;alors!<\/span><\/span><\/strong><\/span><\/p>\n<p><strong><span style=\"color: #000000;\"><span style=\"vertical-align: inherit;\"><span style=\"vertical-align: inherit;\">Toujours \u00e0 la recherche de plus de connaissances, une initiation \u00e0 l&rsquo;osth\u00e9opathie cranienne m&rsquo;a permis de d\u00e9couvrir mon magn\u00e9tisme. <\/span><\/span><\/span><\/strong><span style=\"vertical-align: inherit;\"><strong><span style=\"color: #000000;\"><span style=\"vertical-align: inherit;\">Un monde nouveau s&rsquo;ouvrait \u00e0 moi.<\/span><\/span><\/strong><\/span><\/p>\n<p><strong><span style=\"color: #000000;\"><span style=\"vertical-align: inherit;\"><span style=\"vertical-align: inherit;\">Depuis 2010, j&rsquo;aide et \/ ou soulage les gens avec mon magn\u00e9tisme. <\/span><span style=\"vertical-align: inherit;\">Les professionnels de la sant\u00e9 ont constat\u00e9 les r\u00e9sultats de mon travail. <\/span><span style=\"vertical-align: inherit;\">D&rsquo;ailleurs, je les remercie de leur confiance.<\/span><\/span><\/span><\/strong><\/p>\n<p><span style=\"color: #000000;\"><em><span style=\"vertical-align: inherit;\"><span style=\"vertical-align: inherit;\">Exemples: <\/span><\/span><\/em><\/span><span style=\"vertical-align: inherit;\"><span style=\"color: #000000;\"><em><span style=\"vertical-align: inherit;\">&#8211; La radioth\u00e9rapie traite le cancer. <\/span><\/em><\/span><span style=\"color: #000000;\"><em><span style=\"vertical-align: inherit;\">Je diminue la sensation de br\u00fblure qu&rsquo;elle provoque. <\/span><\/em><\/span><span style=\"color: #000000;\"><em><span style=\"vertical-align: inherit;\">&#8211; Le m\u00e9decin peine \u00e0 soigner un zona (*). <\/span><\/em><\/span><span style=\"color: #000000;\"><em><span style=\"vertical-align: inherit;\">Une s\u00e9ance de magn\u00e9tisme permet une r\u00e9gression de la douleur cutan\u00e9e et parfois imm\u00e9diate. <\/span><\/em><\/span><span style=\"color: #000000;\"><em><span style=\"vertical-align: inherit;\">&#8211; Le stress, si d\u00e9plor\u00e9 par tous, peut \u00eatre soulag\u00e9. <\/span><\/em><\/span><span style=\"color: #000000;\"><em><span style=\"vertical-align: inherit;\">Beaucoup affirment m\u00eame \u00eatre repartis plus sereins (*). <\/span><\/em><\/span><span style=\"color: #000000;\"><em><span style=\"vertical-align: inherit;\">Ce sentiment de paix pendant et apr\u00e8s les s\u00e9ances est fort appr\u00e9ci\u00e9 et permet de continuer \u00e0 avancer dans la vie (*).<\/span><\/em><\/span><\/span><\/p>\n<p><strong><span style=\"color: #000000;\"><span style=\"vertical-align: inherit;\"><span style=\"vertical-align: inherit;\">\u00c0 l&rsquo;aide de formations compl\u00e9mentaires, j&rsquo;ai mis en place des pratiques qui m&rsquo;ont sembl\u00e9 utiles pour aider au mieux.\u00a0\u00a0<\/span><\/span><\/span><\/strong><\/p>\n<p><strong><span style=\"color: #000000;\"><span style=\"vertical-align: inherit;\"><span style=\"vertical-align: inherit;\">Il est impossible de noter l&rsquo;int\u00e9gralit\u00e9 de mon champ d&rsquo;action. <\/span><span style=\"vertical-align: inherit;\">Le meilleur reste encore le t\u00e9l\u00e9phone pour savoir si je peux vous aider. <\/span><span style=\"vertical-align: inherit;\">Etant submerg\u00e9e par les mails publicitaires, je vous demanderais de ne pas me questionner par ce moyen virtuel.<\/span><\/span><\/span><\/strong><\/p>\n<p><strong><span style=\"color: #000000;\"><span style=\"color: #008000;\"><em><span style=\"vertical-align: inherit;\"><span style=\"vertical-align: inherit;\">Pr\u00e9cision importante <\/span><\/span><\/em><\/span><em><span style=\"color: #008000;\"><span style=\"vertical-align: inherit;\"><span style=\"vertical-align: inherit;\">:<\/span><\/span><\/span><span style=\"vertical-align: inherit;\"><span style=\"vertical-align: inherit;\"> * La sant\u00e9 est un capital \u00e0 ne pas n\u00e9gliger. <\/span><span style=\"vertical-align: inherit;\">Aussi, si vous ne l&rsquo;avez d\u00e9j\u00e0 fait, je vous encourage tr\u00e8s fortement \u00e0 consulter un professionnel de la sant\u00e9. <\/span><span style=\"vertical-align: inherit;\">Il est aussi le seul \u00e0 juger de la n\u00e9cessit\u00e9 d&rsquo;examen et \/ ou de la prise de m\u00e9dicament. <\/span><\/span><br \/>\n<\/em><\/span><\/strong><br \/>\n<span style=\"color: #000000;\"><strong><span style=\"vertical-align: inherit;\"><span style=\"vertical-align: inherit;\">Je ne me d\u00e9clare pas capable de tout, mais avec votre aide, de faire le maximum pour vous porter mieux.<\/span><\/span><\/strong><\/span><\/p>\n","protected":false},"excerpt":{"rendered":"<p>Asthme, allergique et d\u00e9veloppant de l&rsquo;ecz\u00e9ma d\u00e8s la naissance, j&rsquo;ai \u00e9volu\u00e9 dans un milieu tr\u00e8s cart\u00e9sien. Et pourtant! A 25ans, je me suis int\u00e9ress\u00e9e \u00e0 la m\u00e9decine par les plantes, l&rsquo;hom\u00e9opathie, la phytoth\u00e9rapie, les oligo-\u00e9l\u00e9ments &#8230; Je n&rsquo;ai pu qu&rsquo;admettre l&rsquo;efficacit\u00e9 de ces pratiques, car j&rsquo;ai r\u00e9ussi \u00e0 me passer de nombreux m\u00e9dicaments pris quotidiennement. [&hellip;]<\/p>\n","protected":false},"author":1,"featured_media":0,"parent":0,"menu_order":0,"comment_status":"closed","ping_status":"closed","template":"","meta":[],"_links":{"self":[{"href":"https:\/\/sylvie-edeline.com\/index.php\/wp-json\/wp\/v2\/pages\/122"}],"collection":[{"href":"https:\/\/sylvie-edeline.com\/index.php\/wp-json\/wp\/v2\/pages"}],"about":[{"href":"https:\/\/sylvie-edeline.com\/index.php\/wp-json\/wp\/v2\/types\/page"}],"author":[{"embeddable":true,"href":"https:\/\/sylvie-edeline.com\/index.php\/wp-json\/wp\/v2\/users\/1"}],"replies":[{"embeddable":true,"href":"https:\/\/sylvie-edeline.com\/index.php\/wp-json\/wp\/v2\/comments?post=122"}],"version-history":[{"count":18,"href":"https:\/\/sylvie-edeline.com\/index.php\/wp-json\/wp\/v2\/pages\/122\/revisions"}],"predecessor-version":[{"id":2096,"href":"https:\/\/sylvie-edeline.com\/index.php\/wp-json\/wp\/v2\/pages\/122\/revisions\/2096"}],"wp:attachment":[{"href":"https:\/\/sylvie-edeline.com\/index.php\/wp-json\/wp\/v2\/media?parent=122"}],"curies":[{"name":"wp","href":"https:\/\/api.w.org\/{rel}","templated":true}]}}

<h3><strong><em><span style="color: #008000;"><span style="vertical-align: inherit;"><span style="vertical-align: inherit;">Asthme, allergique et développant de l&rsquo;eczéma dès la naissance, j&rsquo;ai évolué dans un milieu très cartésien. </span><span style="vertical-align: inherit;">Et pourtant!</span></span></span></em></strong></h3>
<p><strong><span style="color: #000000;"><span style="vertical-align: inherit;"><span style="vertical-align: inherit;">A 25ans, je me suis intéressée </span></span><span style="vertical-align: inherit;"><span style="vertical-align: inherit;">à la médecine par les plantes, l&rsquo;homéopathie, la phytothérapie, les oligo-éléments &#8230;</span></span></span></strong></p>
<p><strong><span style="color: #000000;"><span style="vertical-align: inherit;"><span style="vertical-align: inherit;">Je n&rsquo;ai pu qu&rsquo;admettre l&rsquo;efficacité de ces pratiques, car j&rsquo;ai réussi à me passer de nombreux médicaments pris quotidiennement. </span></span></span></strong><span style="vertical-align: inherit;"><strong><span style="color: #000000;"><span style="vertical-align: inherit;">L&rsquo;avenir m&rsquo;a semblé plus souriant car allégé des fardeaux portés jusqu&rsquo;alors!</span></span></strong></span></p>
<p><strong><span style="color: #000000;"><span style="vertical-align: inherit;"><span style="vertical-align: inherit;">Toujours à la recherche de plus de connaissances, une initiation à l&rsquo;osthéopathie cranienne m&rsquo;a permis de découvrir mon magnétisme. </span></span></span></strong><span style="vertical-align: inherit;"><strong><span style="color: #000000;"><span style="vertical-align: inherit;">Un monde nouveau s&rsquo;ouvrait à moi.</span></span></strong></span></p>
<p><strong><span style="color: #000000;"><span style="vertical-align: inherit;"><span style="vertical-align: inherit;">Depuis 2010, j&rsquo;aide et / ou soulage les gens avec mon magnétisme. </span><span style="vertical-align: inherit;">Les professionnels de la santé ont constaté les résultats de mon travail. </span><span style="vertical-align: inherit;">D&rsquo;ailleurs, je les remercie de leur confiance.</span></span></span></strong></p>
<p><span style="color: #000000;"><em><span style="vertical-align: inherit;"><span style="vertical-align: inherit;">Exemples: </span></span></em></span><span style="vertical-align: inherit;"><span style="color: #000000;"><em><span style="vertical-align: inherit;">&#8211; La radiothérapie traite le cancer. </span></em></span><span style="color: #000000;"><em><span style="vertical-align: inherit;">Je diminue la sensation de brûlure qu&rsquo;elle provoque. </span></em></span><span style="color: #000000;"><em><span style="vertical-align: inherit;">&#8211; Le médecin peine à soigner un zona (*). </span></em></span><span style="color: #000000;"><em><span style="vertical-align: inherit;">Une séance de magnétisme permet une régression de la douleur cutanée et parfois immédiate. </span></em></span><span style="color: #000000;"><em><span style="vertical-align: inherit;">&#8211; Le stress, si déploré par tous, peut être soulagé. </span></em></span><span style="color: #000000;"><em><span style="vertical-align: inherit;">Beaucoup affirment même être repartis plus sereins (*). </span></em></span><span style="color: #000000;"><em><span style="vertical-align: inherit;">Ce sentiment de paix pendant et après les séances est fort apprécié et permet de continuer à avancer dans la vie (*).</span></em></span></span></p>
<p><strong><span style="color: #000000;"><span style="vertical-align: inherit;"><span style="vertical-align: inherit;">À l&rsquo;aide de formations complémentaires, j&rsquo;ai mis en place des pratiques qui m&rsquo;ont semblé utiles pour aider au mieux.  </span></span></span></strong></p>
<p><strong><span style="color: #000000;"><span style="vertical-align: inherit;"><span style="vertical-align: inherit;">Il est impossible de noter l&rsquo;intégralité de mon champ d&rsquo;action. </span><span style="vertical-align: inherit;">Le meilleur reste encore le téléphone pour savoir si je peux vous aider. </span><span style="vertical-align: inherit;">Etant submergée par les mails publicitaires, je vous demanderais de ne pas me questionner par ce moyen virtuel.</span></span></span></strong></p>
<p><strong><span style="color: #000000;"><span style="color: #008000;"><em><span style="vertical-align: inherit;"><span style="vertical-align: inherit;">Précision importante </span></span></em></span><em><span style="color: #008000;"><span style="vertical-align: inherit;"><span style="vertical-align: inherit;">:</span></span></span><span style="vertical-align: inherit;"><span style="vertical-align: inherit;"> * La santé est un capital à ne pas négliger. </span><span style="vertical-align: inherit;">Aussi, si vous ne l&rsquo;avez déjà fait, je vous encourage très fortement à consulter un professionnel de la santé. </span><span style="vertical-align: inherit;">Il est aussi le seul à juger de la nécessité d&rsquo;examen et / ou de la prise de médicament. </span></span><br />
</em></span></strong><br />
<span style="color: #000000;"><strong><span style="vertical-align: inherit;"><span style="vertical-align: inherit;">Je ne me déclare pas capable de tout, mais avec votre aide, de faire le maximum pour vous porter mieux.</span></span></strong></span></p>

<p>Asthme, allergique et développant de l&rsquo;eczéma dès la naissance, j&rsquo;ai évolué dans un milieu très cartésien. Et pourtant! A 25ans, je me suis intéressée à la médecine par les plantes, l&rsquo;homéopathie, la phytothérapie, les oligo-éléments &#8230; Je n&rsquo;ai pu qu&rsquo;admettre l&rsquo;efficacité de ces pratiques, car j&rsquo;ai réussi à me passer de nombreux médicaments pris quotidiennement. [&hellip;]</p>
