{"id":140,"date":"2016-09-09T17:12:38","date_gmt":"2016-09-09T16:12:38","guid":{"rendered":"http:\/\/sylvie-edeline.com\/?page_id=140"},"modified":"2024-11-07T17:59:13","modified_gmt":"2024-11-07T16:59:13","slug":"un-peu-de-legerete","status":"publish","type":"page","link":"https:\/\/sylvie-edeline.com\/index.php\/un-peu-de-legerete\/","title":{"rendered":"MOMENT DE DETENTE"},"content":{"rendered":"<p style=\"text-align: center;\"><img decoding=\"async\" loading=\"lazy\" class=\"wp-image-60 alignright\" src=\"http:\/\/sylvie-edeline.com\/wp-content\/uploads\/2016\/09\/Plume-300x300.jpg\" alt=\"white swan feather isolated on white background\" width=\"214\" height=\"214\" srcset=\"https:\/\/sylvie-edeline.com\/wp-content\/uploads\/2016\/09\/Plume-300x300.jpg 300w, https:\/\/sylvie-edeline.com\/wp-content\/uploads\/2016\/09\/Plume-150x150.jpg 150w, https:\/\/sylvie-edeline.com\/wp-content\/uploads\/2016\/09\/Plume-768x768.jpg 768w, https:\/\/sylvie-edeline.com\/wp-content\/uploads\/2016\/09\/Plume-1024x1024.jpg 1024w\" sizes=\"(max-width: 214px) 100vw, 214px\" \/><\/p>\n<h3 style=\"text-align: center;\"><span style=\"color: #000000;\"><strong>Vous trouverez ici un peu de d\u00e9tente ou de r\u00e9flexion apaisante\u00a0. <\/strong><\/span><\/h3>\n<h3 style=\"text-align: center;\"><span style=\"color: #000000;\"><strong>Prendre avec l\u00e9g\u00e8ret\u00e9 comme le nom de la rubrique l&rsquo;indique.<\/strong><\/span><\/h3>\n<h3 style=\"text-align: center;\"><span style=\"color: #000000;\"><strong>D&rsquo;ailleurs, elle\u00a0peut-\u00eatre compl\u00e9ter ou modifier.<\/strong><\/span><\/h3>\n<h3 style=\"text-align: center;\"><span style=\"color: #000000;\"><strong>A vous de sugg\u00e9rer !!!<\/strong> Merci !!<\/span><\/h3>\n","protected":false},"excerpt":{"rendered":"<p>Vous trouverez ici un peu de d\u00e9tente ou de r\u00e9flexion apaisante\u00a0. Prendre avec l\u00e9g\u00e8ret\u00e9 comme le nom de la rubrique l&rsquo;indique. D&rsquo;ailleurs, elle\u00a0peut-\u00eatre compl\u00e9ter ou modifier. A vous de sugg\u00e9rer !!! Merci !!<\/p>\n","protected":false},"author":1,"featured_media":83,"parent":0,"menu_order":0,"comment_status":"closed","ping_status":"closed","template":"","meta":[],"_links":{"self":[{"href":"https:\/\/sylvie-edeline.com\/index.php\/wp-json\/wp\/v2\/pages\/140"}],"collection":[{"href":"https:\/\/sylvie-edeline.com\/index.php\/wp-json\/wp\/v2\/pages"}],"about":[{"href":"https:\/\/sylvie-edeline.com\/index.php\/wp-json\/wp\/v2\/types\/page"}],"author":[{"embeddable":true,"href":"https:\/\/sylvie-edeline.com\/index.php\/wp-json\/wp\/v2\/users\/1"}],"replies":[{"embeddable":true,"href":"https:\/\/sylvie-edeline.com\/index.php\/wp-json\/wp\/v2\/comments?post=140"}],"version-history":[{"count":28,"href":"https:\/\/sylvie-edeline.com\/index.php\/wp-json\/wp\/v2\/pages\/140\/revisions"}],"predecessor-version":[{"id":2073,"href":"https:\/\/sylvie-edeline.com\/index.php\/wp-json\/wp\/v2\/pages\/140\/revisions\/2073"}],"wp:featuredmedia":[{"embeddable":true,"href":"https:\/\/sylvie-edeline.com\/index.php\/wp-json\/wp\/v2\/media\/83"}],"wp:attachment":[{"href":"https:\/\/sylvie-edeline.com\/index.php\/wp-json\/wp\/v2\/media?parent=140"}],"curies":[{"name":"wp","href":"https:\/\/api.w.org\/{rel}","templated":true}]}}