{"id":1861,"date":"2020-02-18T12:40:26","date_gmt":"2020-02-18T11:40:26","guid":{"rendered":"http:\/\/sylvie-edeline.com\/?page_id=1861"},"modified":"2020-02-18T12:40:26","modified_gmt":"2020-02-18T11:40:26","slug":"lassitude-morale-et-physique","status":"publish","type":"page","link":"https:\/\/sylvie-edeline.com\/index.php\/lassitude-morale-et-physique\/","title":{"rendered":"Lassitude morale et physique"},"content":{"rendered":"\n<p>Bonjour Sylvie<\/p>\n\n\n\n<p>Un mot matinal pour vous remercier du soin tr\u00e8s lumineux. Je me sens mieux avec des id\u00e9es tr\u00e8s positives tourn\u00e9es vers l&rsquo;avenir.<\/p>\n\n\n\n<p>H\u00e2te de faire la deuxi\u00e8me s\u00e9ance.<\/p>\n\n\n\n<p>Tr\u00e8s belle semaine<\/p>\n\n\n\n<p>Bien \u00e0 vous. I<\/p>\n","protected":false},"excerpt":{"rendered":"<p>Bonjour Sylvie Un mot matinal pour vous remercier du soin tr\u00e8s lumineux. Je me sens mieux avec des id\u00e9es tr\u00e8s positives tourn\u00e9es vers l&rsquo;avenir. H\u00e2te de faire la deuxi\u00e8me s\u00e9ance. Tr\u00e8s belle semaine Bien \u00e0 vous. I<\/p>\n","protected":false},"author":1,"featured_media":0,"parent":0,"menu_order":0,"comment_status":"closed","ping_status":"closed","template":"","meta":[],"_links":{"self":[{"href":"https:\/\/sylvie-edeline.com\/index.php\/wp-json\/wp\/v2\/pages\/1861"}],"collection":[{"href":"https:\/\/sylvie-edeline.com\/index.php\/wp-json\/wp\/v2\/pages"}],"about":[{"href":"https:\/\/sylvie-edeline.com\/index.php\/wp-json\/wp\/v2\/types\/page"}],"author":[{"embeddable":true,"href":"https:\/\/sylvie-edeline.com\/index.php\/wp-json\/wp\/v2\/users\/1"}],"replies":[{"embeddable":true,"href":"https:\/\/sylvie-edeline.com\/index.php\/wp-json\/wp\/v2\/comments?post=1861"}],"version-history":[{"count":1,"href":"https:\/\/sylvie-edeline.com\/index.php\/wp-json\/wp\/v2\/pages\/1861\/revisions"}],"predecessor-version":[{"id":1863,"href":"https:\/\/sylvie-edeline.com\/index.php\/wp-json\/wp\/v2\/pages\/1861\/revisions\/1863"}],"wp:attachment":[{"href":"https:\/\/sylvie-edeline.com\/index.php\/wp-json\/wp\/v2\/media?parent=1861"}],"curies":[{"name":"wp","href":"https:\/\/api.w.org\/{rel}","templated":true}]}}