{"id":486,"date":"2016-09-13T14:36:25","date_gmt":"2016-09-13T13:36:25","guid":{"rendered":"http:\/\/sylvie-edeline.com\/?page_id=486"},"modified":"2016-09-13T14:36:25","modified_gmt":"2016-09-13T13:36:25","slug":"double-hernie-discale-et-colopathie","status":"publish","type":"page","link":"https:\/\/sylvie-edeline.com\/index.php\/double-hernie-discale-et-colopathie\/","title":{"rendered":"Double Hernie discale et Colopathie"},"content":{"rendered":"<p><strong>26.01.2008<\/strong><\/p>\n<p>&nbsp;<\/p>\n<p><strong>D- Fernande<\/strong><\/p>\n<p>J\u2019ai depuis mes 15ans, une double hernie discale dont j\u2019ai \u00e9t\u00e9 op\u00e9r\u00e9e en 1974, soit \u00e0 47ans.<\/p>\n<p>Mes maux de dos suite \u00e0 cette op\u00e9ration, ce sont am\u00e9lior\u00e9s, mais veuve tr\u00e8s jeune, j\u2019ai du \u00e9lever mes trois enfants seule. La vie ne m\u2019a pas \u00e9pargn\u00e9 les soucis.<\/p>\n<p>J\u2019ai maintenant 80ans et depuis plusieurs ann\u00e9es, je ne supporte plus ces douleurs de sciatique.<\/p>\n<p>De plus, depuis 2001, je suis atteinte d\u2019une colopathie. D\u00e8s que je prends des m\u00e9dicaments pour mon mal au dos, cela me d\u00e9r\u00e8gle. Je souffre \u00e0 ces moments non seulement du dos et du cou, mais en plus je ne peux plus manger, car cela me constipe affreusement.<\/p>\n<p>&nbsp;<\/p>\n<p>Depuis deux ann\u00e9es, Sylvie Bourgoin, me soulage. A la premi\u00e8re s\u00e9ance de magn\u00e9tisme, mon transit est reparti imm\u00e9diatement, cela m\u2019a soulag\u00e9 mon mal au ventre et tr\u00e8s rapidement mes douleurs au dos sont parties.<\/p>\n<p>&nbsp;<\/p>\n<p>En venant r\u00e9guli\u00e8rement, soit environ tous les 3 ou 4 mois, j\u2019\u00e9vite mes douleurs de colopathie.<\/p>\n<p>Apr\u00e8s chaque s\u00e9ance, je me trouve d\u00e9tendue, mieux dans ma peau, cela me permet de tenir.<\/p>\n<p>&nbsp;<\/p>\n<p>Je viens en toute confiance voir Madame Bourgoin<\/p>\n<p>&nbsp;<\/p>\n","protected":false},"excerpt":{"rendered":"<p>26.01.2008 &nbsp; D- Fernande J\u2019ai depuis mes 15ans, une double hernie discale dont j\u2019ai \u00e9t\u00e9 op\u00e9r\u00e9e en 1974, soit \u00e0 47ans. Mes maux de dos suite \u00e0 cette op\u00e9ration, ce sont am\u00e9lior\u00e9s, mais veuve tr\u00e8s jeune, j\u2019ai du \u00e9lever mes trois enfants seule. La vie ne m\u2019a pas \u00e9pargn\u00e9 les soucis. J\u2019ai maintenant 80ans et [&hellip;]<\/p>\n","protected":false},"author":1,"featured_media":0,"parent":0,"menu_order":0,"comment_status":"closed","ping_status":"closed","template":"","meta":[],"_links":{"self":[{"href":"https:\/\/sylvie-edeline.com\/index.php\/wp-json\/wp\/v2\/pages\/486"}],"collection":[{"href":"https:\/\/sylvie-edeline.com\/index.php\/wp-json\/wp\/v2\/pages"}],"about":[{"href":"https:\/\/sylvie-edeline.com\/index.php\/wp-json\/wp\/v2\/types\/page"}],"author":[{"embeddable":true,"href":"https:\/\/sylvie-edeline.com\/index.php\/wp-json\/wp\/v2\/users\/1"}],"replies":[{"embeddable":true,"href":"https:\/\/sylvie-edeline.com\/index.php\/wp-json\/wp\/v2\/comments?post=486"}],"version-history":[{"count":1,"href":"https:\/\/sylvie-edeline.com\/index.php\/wp-json\/wp\/v2\/pages\/486\/revisions"}],"predecessor-version":[{"id":487,"href":"https:\/\/sylvie-edeline.com\/index.php\/wp-json\/wp\/v2\/pages\/486\/revisions\/487"}],"wp:attachment":[{"href":"https:\/\/sylvie-edeline.com\/index.php\/wp-json\/wp\/v2\/media?parent=486"}],"curies":[{"name":"wp","href":"https:\/\/api.w.org\/{rel}","templated":true}]}}