{"id":498,"date":"2016-09-13T14:41:11","date_gmt":"2016-09-13T13:41:11","guid":{"rendered":"http:\/\/sylvie-edeline.com\/?page_id=498"},"modified":"2016-09-13T14:41:11","modified_gmt":"2016-09-13T13:41:11","slug":"deprimee-et-lasse","status":"publish","type":"page","link":"https:\/\/sylvie-edeline.com\/index.php\/deprimee-et-lasse\/","title":{"rendered":"D\u00e9prim\u00e9e et lasse"},"content":{"rendered":"<p>&nbsp;<\/p>\n<p><strong>08.07.2009<\/strong><\/p>\n<p><strong>B- Carole<\/strong><\/p>\n<p>&nbsp;<\/p>\n<p>Par ce feuillet, j\u2019atteste des comp\u00e9tences de Mme Bourgoin pour redonner l\u2019\u00e9nergie qui peut nous manquer \u00e0 certains stades de la vie.<\/p>\n<p>Je suis arriv\u00e9e chez elle, conseill\u00e9e par une amie qui l\u2019avait trouv\u00e9e tr\u00e8s efficace, d\u00e9prim\u00e9e, lasse, je n\u2019avais plus gout \u00e0 rien. Or, apr\u00e8s la s\u00e9ance, j\u2019avais retrouv\u00e9 une partie de mes forces et de mon moral.<\/p>\n","protected":false},"excerpt":{"rendered":"<p>&nbsp; 08.07.2009 B- Carole &nbsp; Par ce feuillet, j\u2019atteste des comp\u00e9tences de Mme Bourgoin pour redonner l\u2019\u00e9nergie qui peut nous manquer \u00e0 certains stades de la vie. Je suis arriv\u00e9e chez elle, conseill\u00e9e par une amie qui l\u2019avait trouv\u00e9e tr\u00e8s efficace, d\u00e9prim\u00e9e, lasse, je n\u2019avais plus gout \u00e0 rien. Or, apr\u00e8s la s\u00e9ance, j\u2019avais retrouv\u00e9 [&hellip;]<\/p>\n","protected":false},"author":1,"featured_media":0,"parent":0,"menu_order":0,"comment_status":"closed","ping_status":"closed","template":"","meta":[],"_links":{"self":[{"href":"https:\/\/sylvie-edeline.com\/index.php\/wp-json\/wp\/v2\/pages\/498"}],"collection":[{"href":"https:\/\/sylvie-edeline.com\/index.php\/wp-json\/wp\/v2\/pages"}],"about":[{"href":"https:\/\/sylvie-edeline.com\/index.php\/wp-json\/wp\/v2\/types\/page"}],"author":[{"embeddable":true,"href":"https:\/\/sylvie-edeline.com\/index.php\/wp-json\/wp\/v2\/users\/1"}],"replies":[{"embeddable":true,"href":"https:\/\/sylvie-edeline.com\/index.php\/wp-json\/wp\/v2\/comments?post=498"}],"version-history":[{"count":1,"href":"https:\/\/sylvie-edeline.com\/index.php\/wp-json\/wp\/v2\/pages\/498\/revisions"}],"predecessor-version":[{"id":499,"href":"https:\/\/sylvie-edeline.com\/index.php\/wp-json\/wp\/v2\/pages\/498\/revisions\/499"}],"wp:attachment":[{"href":"https:\/\/sylvie-edeline.com\/index.php\/wp-json\/wp\/v2\/media?parent=498"}],"curies":[{"name":"wp","href":"https:\/\/api.w.org\/{rel}","templated":true}]}}