{"id":500,"date":"2016-09-13T14:41:56","date_gmt":"2016-09-13T13:41:56","guid":{"rendered":"http:\/\/sylvie-edeline.com\/?page_id=500"},"modified":"2016-09-13T14:41:56","modified_gmt":"2016-09-13T13:41:56","slug":"zona-et-nervosite","status":"publish","type":"page","link":"https:\/\/sylvie-edeline.com\/index.php\/zona-et-nervosite\/","title":{"rendered":"Zona et nervosit\u00e9"},"content":{"rendered":"<p>13.08.2009<\/p>\n<p>&nbsp;<\/p>\n<p>D-D Marie christine<\/p>\n<p>&nbsp;<\/p>\n<p>Je confirme avoir \u00e9t\u00e9 suivie par Mme Bourgoin pour un zona tr\u00e8s important qui me tirait tout le cot\u00e9 droit. Son apparition avec des cloques tres importantes m\u2019avait fait extr\u00eamement souffrir, forte sensation de brulure\u2026.<\/p>\n<p>D\u00e8s la premi\u00e8re s\u00e9ance, les effets ont \u00e9t\u00e9 imm\u00e9diats et visibles. Le lendemain, les cloques ont commenc\u00e9 \u00e0 s\u00e9cher et n\u2019\u00e9taient plus douloureuses.<\/p>\n<p>D\u2019autres part, Mme Bourgoin m\u2019a aussi soign\u00e9e pour mon \u00e9tat nerveux et je lui suis reconnaissante pour le bien \u00eatre certain qu\u2019elle m\u2019a apport\u00e9.<\/p>\n","protected":false},"excerpt":{"rendered":"<p>13.08.2009 &nbsp; D-D Marie christine &nbsp; Je confirme avoir \u00e9t\u00e9 suivie par Mme Bourgoin pour un zona tr\u00e8s important qui me tirait tout le cot\u00e9 droit. Son apparition avec des cloques tres importantes m\u2019avait fait extr\u00eamement souffrir, forte sensation de brulure\u2026. D\u00e8s la premi\u00e8re s\u00e9ance, les effets ont \u00e9t\u00e9 imm\u00e9diats et visibles. Le lendemain, les [&hellip;]<\/p>\n","protected":false},"author":1,"featured_media":0,"parent":0,"menu_order":0,"comment_status":"closed","ping_status":"closed","template":"","meta":[],"_links":{"self":[{"href":"https:\/\/sylvie-edeline.com\/index.php\/wp-json\/wp\/v2\/pages\/500"}],"collection":[{"href":"https:\/\/sylvie-edeline.com\/index.php\/wp-json\/wp\/v2\/pages"}],"about":[{"href":"https:\/\/sylvie-edeline.com\/index.php\/wp-json\/wp\/v2\/types\/page"}],"author":[{"embeddable":true,"href":"https:\/\/sylvie-edeline.com\/index.php\/wp-json\/wp\/v2\/users\/1"}],"replies":[{"embeddable":true,"href":"https:\/\/sylvie-edeline.com\/index.php\/wp-json\/wp\/v2\/comments?post=500"}],"version-history":[{"count":1,"href":"https:\/\/sylvie-edeline.com\/index.php\/wp-json\/wp\/v2\/pages\/500\/revisions"}],"predecessor-version":[{"id":501,"href":"https:\/\/sylvie-edeline.com\/index.php\/wp-json\/wp\/v2\/pages\/500\/revisions\/501"}],"wp:attachment":[{"href":"https:\/\/sylvie-edeline.com\/index.php\/wp-json\/wp\/v2\/media?parent=500"}],"curies":[{"name":"wp","href":"https:\/\/api.w.org\/{rel}","templated":true}]}}