{"id":504,"date":"2016-09-13T14:43:24","date_gmt":"2016-09-13T13:43:24","guid":{"rendered":"http:\/\/sylvie-edeline.com\/?page_id=504"},"modified":"2016-09-14T16:03:51","modified_gmt":"2016-09-14T15:03:51","slug":"molluscums","status":"publish","type":"page","link":"https:\/\/sylvie-edeline.com\/index.php\/molluscums\/","title":{"rendered":"Molluscums T\u00e9moignage"},"content":{"rendered":"<p>Mail re\u00e7u Le 6 Juillet 2010<\/p>\n<p>&nbsp;<\/p>\n<p>Bonjour,<br \/>\nJe prends enfin le temps de vous \u00e9crire pour vous tenir inform\u00e9e de<br \/>\nl&rsquo;\u00e9volution des molluscums de mon fils Antonin.<br \/>\nLe r\u00e9sultat est impressionnant. Comme vous pourrez le constater sur la<br \/>\nphotographie,\u00a0 il n&rsquo;a plus rien.<br \/>\nCertes, on constate de petites cicatrices suite \u00e0 l&rsquo;expulsion du germe.<br \/>\nMais c&rsquo;est sans commune mesure avec celles<br \/>\nqu&rsquo;il aurait du avoir s&rsquo;il avait subi de la\u00a0 chirurgie, comme le<br \/>\npr\u00e9conisait un des dermatologues que nous avions consult\u00e9.<br \/>\nAussi, je ne saurai que trop vous remercier pour votre intervention, qui<br \/>\nplus est sans douleur !<br \/>\nAntonin est redevenu un petit gar\u00e7on comme les autres. Lui qui n&rsquo;osait<br \/>\nplus porter des t-shirts \u00e0 manches courtes,<br \/>\net encore moins se mettre en maillot de bain, \u00e0 retrouver sa joie de vivre.<br \/>\nAlors, sinc\u00e8rement MERCI. Merci tant pour le r\u00e9sultat, que pour votre<br \/>\ndisponibilit\u00e9, votre gentillesse et votre \u00e9coute.<br \/>\nSachant que les molluscums sont toutefois perspicaces, je conserve bien<br \/>\nentendu vos coordonn\u00e9es, s&rsquo;ils leur prenaient l&rsquo;envie<br \/>\nde r\u00e9appara\u00eetre.<br \/>\nBien cordialement.<\/p>\n<p>C.G..<\/p>\n<p>&nbsp;<\/p>\n","protected":false},"excerpt":{"rendered":"<p>Mail re\u00e7u Le 6 Juillet 2010 &nbsp; Bonjour, Je prends enfin le temps de vous \u00e9crire pour vous tenir inform\u00e9e de l&rsquo;\u00e9volution des molluscums de mon fils Antonin. Le r\u00e9sultat est impressionnant. Comme vous pourrez le constater sur la photographie,\u00a0 il n&rsquo;a plus rien. Certes, on constate de petites cicatrices suite \u00e0 l&rsquo;expulsion du germe. [&hellip;]<\/p>\n","protected":false},"author":1,"featured_media":0,"parent":0,"menu_order":0,"comment_status":"closed","ping_status":"closed","template":"","meta":[],"_links":{"self":[{"href":"https:\/\/sylvie-edeline.com\/index.php\/wp-json\/wp\/v2\/pages\/504"}],"collection":[{"href":"https:\/\/sylvie-edeline.com\/index.php\/wp-json\/wp\/v2\/pages"}],"about":[{"href":"https:\/\/sylvie-edeline.com\/index.php\/wp-json\/wp\/v2\/types\/page"}],"author":[{"embeddable":true,"href":"https:\/\/sylvie-edeline.com\/index.php\/wp-json\/wp\/v2\/users\/1"}],"replies":[{"embeddable":true,"href":"https:\/\/sylvie-edeline.com\/index.php\/wp-json\/wp\/v2\/comments?post=504"}],"version-history":[{"count":4,"href":"https:\/\/sylvie-edeline.com\/index.php\/wp-json\/wp\/v2\/pages\/504\/revisions"}],"predecessor-version":[{"id":591,"href":"https:\/\/sylvie-edeline.com\/index.php\/wp-json\/wp\/v2\/pages\/504\/revisions\/591"}],"wp:attachment":[{"href":"https:\/\/sylvie-edeline.com\/index.php\/wp-json\/wp\/v2\/media?parent=504"}],"curies":[{"name":"wp","href":"https:\/\/api.w.org\/{rel}","templated":true}]}}