{"id":777,"date":"2016-09-16T11:03:58","date_gmt":"2016-09-16T10:03:58","guid":{"rendered":"http:\/\/sylvie-edeline.com\/?page_id=777"},"modified":"2018-08-22T15:25:04","modified_gmt":"2018-08-22T14:25:04","slug":"mal-etre-2012","status":"publish","type":"page","link":"https:\/\/sylvie-edeline.com\/index.php\/mal-etre-2012\/","title":{"rendered":"Autodestruction et Grand Mal-Etre"},"content":{"rendered":"<p>Manuscrit &#8211; 12.2012<\/p>\n<p>A travers ces quelque lignes, je voulais t\u00e9moigner \u00e0 Madame Edeline Bourgoin toute ma reconnaissance.<\/p>\n<p>Notre premi\u00e8re rencontre a eu lieu au mois d\u2019ao\u00fbt; j&rsquo;avais emmen\u00e9 pendant plusieurs semaines ma m\u00e8re car elle avait un probl\u00e8me de motricit\u00e9 et le moral n&rsquo;\u00e9tait pas au mieux.<\/p>\n<p>J&rsquo;ai donc pu voir le travail que fait Sylvie aupr\u00e8s de ma m\u00e8re et c&rsquo;est tout naturellement que j&rsquo;ai d\u00e9cid\u00e9 de prendre un RDV.<\/p>\n<p>J&rsquo;\u00e9tais dans une impasse aussi bien physique que moral et je ne voyais pas de solution. La premi\u00e8re s\u00e9ance a dur\u00e9 une heure.<\/p>\n<p>Etant habitu\u00e9e \u00e0 me prot\u00e9ger des coups de la vie par une \u00e9norme carapace, j&rsquo;ai eu du mal \u00e0 ne pas essayer de contr\u00f4ler ma t\u00eate et mon corps. Et pourtant, au bout de quelques minutes, j&rsquo;ai ressenti un bien-\u00eatre et une sensation de qui\u00e9tude que je n&rsquo;avais pas eue depuis fort longtemps.<\/p>\n<p>A ce moment-l\u00e0, je ne me suis plus pos\u00e9e de questions et j&rsquo;ai laiss\u00e9 Madame Sylvie Edeline Bourgoin me magn\u00e9tiser.<\/p>\n<p>Sylvie est bien plus qu&rsquo;une magn\u00e9tiseuse. Elle est toujours \u00e0 votre \u00e9coute et d&rsquo;une tr\u00e8s grande disponilit\u00e9. Grace \u00e0 elle, je suis en train de redevenir moi-m\u00eame et de me lib\u00e9rer de toutes ces choses qui m\u2019emp\u00eachent d&rsquo;exister.<\/p>\n<p>Merci Sylvie pour le travail que nous faisons ensemble.<\/p>\n<p>Merci de me redonner confiance en l&rsquo;avenir.<\/p>\n<p>Je ne regrette qu&rsquo;une chose : celle de ne pas vous avoir connu avant. L&rsquo;autodestruction aurait surement \u00e9t\u00e9 moins importante.<\/p>\n<p>S.M..<\/p>\n","protected":false},"excerpt":{"rendered":"<p>Manuscrit &#8211; 12.2012 A travers ces quelque lignes, je voulais t\u00e9moigner \u00e0 Madame Edeline Bourgoin toute ma reconnaissance. Notre premi\u00e8re rencontre a eu lieu au mois d\u2019ao\u00fbt; j&rsquo;avais emmen\u00e9 pendant plusieurs semaines ma m\u00e8re car elle avait un probl\u00e8me de motricit\u00e9 et le moral n&rsquo;\u00e9tait pas au mieux. J&rsquo;ai donc pu voir le travail que [&hellip;]<\/p>\n","protected":false},"author":1,"featured_media":0,"parent":0,"menu_order":0,"comment_status":"closed","ping_status":"closed","template":"","meta":[],"_links":{"self":[{"href":"https:\/\/sylvie-edeline.com\/index.php\/wp-json\/wp\/v2\/pages\/777"}],"collection":[{"href":"https:\/\/sylvie-edeline.com\/index.php\/wp-json\/wp\/v2\/pages"}],"about":[{"href":"https:\/\/sylvie-edeline.com\/index.php\/wp-json\/wp\/v2\/types\/page"}],"author":[{"embeddable":true,"href":"https:\/\/sylvie-edeline.com\/index.php\/wp-json\/wp\/v2\/users\/1"}],"replies":[{"embeddable":true,"href":"https:\/\/sylvie-edeline.com\/index.php\/wp-json\/wp\/v2\/comments?post=777"}],"version-history":[{"count":4,"href":"https:\/\/sylvie-edeline.com\/index.php\/wp-json\/wp\/v2\/pages\/777\/revisions"}],"predecessor-version":[{"id":1687,"href":"https:\/\/sylvie-edeline.com\/index.php\/wp-json\/wp\/v2\/pages\/777\/revisions\/1687"}],"wp:attachment":[{"href":"https:\/\/sylvie-edeline.com\/index.php\/wp-json\/wp\/v2\/media?parent=777"}],"curies":[{"name":"wp","href":"https:\/\/api.w.org\/{rel}","templated":true}]}}

<p>Manuscrit &#8211; 12.2012</p>
<p>A travers ces quelque lignes, je voulais témoigner à Madame Edeline Bourgoin toute ma reconnaissance.</p>
<p>Notre première rencontre a eu lieu au mois d’août; j&rsquo;avais emmené pendant plusieurs semaines ma mère car elle avait un problème de motricité et le moral n&rsquo;était pas au mieux.</p>
<p>J&rsquo;ai donc pu voir le travail que fait Sylvie auprès de ma mère et c&rsquo;est tout naturellement que j&rsquo;ai décidé de prendre un RDV.</p>
<p>J&rsquo;étais dans une impasse aussi bien physique que moral et je ne voyais pas de solution. La première séance a duré une heure.</p>
<p>Etant habituée à me protéger des coups de la vie par une énorme carapace, j&rsquo;ai eu du mal à ne pas essayer de contrôler ma tête et mon corps. Et pourtant, au bout de quelques minutes, j&rsquo;ai ressenti un bien-être et une sensation de quiétude que je n&rsquo;avais pas eue depuis fort longtemps.</p>
<p>A ce moment-là, je ne me suis plus posée de questions et j&rsquo;ai laissé Madame Sylvie Edeline Bourgoin me magnétiser.</p>
<p>Sylvie est bien plus qu&rsquo;une magnétiseuse. Elle est toujours à votre écoute et d&rsquo;une très grande disponilité. Grace à elle, je suis en train de redevenir moi-même et de me libérer de toutes ces choses qui m’empêchent d&rsquo;exister.</p>
<p>Merci Sylvie pour le travail que nous faisons ensemble.</p>
<p>Merci de me redonner confiance en l&rsquo;avenir.</p>
<p>Je ne regrette qu&rsquo;une chose : celle de ne pas vous avoir connu avant. L&rsquo;autodestruction aurait surement été moins importante.</p>
<p>S.M..</p>

<p>Manuscrit &#8211; 12.2012 A travers ces quelque lignes, je voulais témoigner à Madame Edeline Bourgoin toute ma reconnaissance. Notre première rencontre a eu lieu au mois d’août; j&rsquo;avais emmené pendant plusieurs semaines ma mère car elle avait un problème de motricité et le moral n&rsquo;était pas au mieux. J&rsquo;ai donc pu voir le travail que [&hellip;]</p>
