{"id":786,"date":"2016-09-17T23:31:03","date_gmt":"2016-09-17T22:31:03","guid":{"rendered":"http:\/\/sylvie-edeline.com\/?page_id=786"},"modified":"2016-09-17T23:32:08","modified_gmt":"2016-09-17T22:32:08","slug":"debut-de-depression","status":"publish","type":"page","link":"https:\/\/sylvie-edeline.com\/index.php\/debut-de-depression\/","title":{"rendered":"D\u00e9but de D\u00e9pression"},"content":{"rendered":"<p>Manuscrit 19\/12\/2012<\/p>\n<p>&nbsp;<\/p>\n<p>Lorsqu\u2019 il y a 3 mois, apr\u00e8s une entr\u00e9e difficile, je suis professeur de lyc\u00e9e en fin de carri\u00e8re, mon m\u00e9decin hom\u00e9opathe m\u2019a conseill\u00e9 d\u2019augmenter la dose d\u2019anxiolytiques que je prenais depuis quelques temps pour faire face. J\u2019ai vraiment puis conscience qu\u2019il fallait faire quelque chose. Un infirmer qui s\u2019occupe de ma m\u00e8re, tr\u00e8s \u00e2g\u00e9e, m\u2019a indiqu\u00e9 le nom de Madame Sylvie Edeline Bourgoin et presque sans h\u00e9siter, j\u2019ai pris rendez-vous, alors que j\u2019\u00e9tais tr\u00e8s r\u00e9ticente jusque l\u00e0. L\u2019id\u00e9e d \u00eatre allong\u00e9e une heure enti\u00e8re sans rien faire m\u2019insupporte, ne parlons pas des massages.<\/p>\n<p>Madame Edeline Bourgoin m\u2019a r\u00e9pondu le jour m\u00eame, 2 jours apr\u00e8s j\u2019avais un rendez-vous \u00e0 peine allong\u00e9e depuis 3 minutes toutes les r\u00e9ticences avaient l\u00e2ch\u00e9. Je suis ressortie transform\u00e9e, droite dans mon corps, forte, calme, en paix dans ma t\u00eate. Une 2<sup>\u00e8me<\/sup> s\u00e9ance, quelques semaines plus tard a permis de faire disparaitre presqu\u2019instantan\u00e9ment 3 verrues tenaces \u00e0 la main, que je n\u2019arrivais pas \u00e0 soigner depuis 3 ans \u00e0 l\u2019azote au prix de douleurs intenables parfois.<\/p>\n<p>Depuis ce temps, je n\u2019ai pas pris davantage de m\u00e9dicaments, au contraire, je les ai diminu\u00e9s. Je sais que je peux toujours compter sur Madame Edeline Bourgoin, j\u2019ai trouv\u00e9 une personne douce, \u00e0 l\u2019\u00e9coute, positive, qui met en confiance, consciente de son don, mais ne cherchant pas \u00e0 en faire grand cas, qui transmet avec naturel, conviction, et efficacit\u00e9 et modestie ce qu\u2019elle sait et son amour de l\u2019humain.<\/p>\n<p>Depuis, j\u2019ai eu l\u2019occasion \u00e0 plusieurs reprises de conseiller des personnes de la consulter. \u00a0A chacun la libert\u00e9 de le faire ou non.<\/p>\n<p>Je souhaite en tout cas \u00e0 Sylvie Edeline Bourgoin, bonne chance et longue vie dans sa jeune exp\u00e9rience en tant que magn\u00e9tiseuse.<\/p>\n<ol>\n<li>C-G\u2026<\/li>\n<\/ol>\n<p>&nbsp;<\/p>\n","protected":false},"excerpt":{"rendered":"<p>Manuscrit 19\/12\/2012 &nbsp; Lorsqu\u2019 il y a 3 mois, apr\u00e8s une entr\u00e9e difficile, je suis professeur de lyc\u00e9e en fin de carri\u00e8re, mon m\u00e9decin hom\u00e9opathe m\u2019a conseill\u00e9 d\u2019augmenter la dose d\u2019anxiolytiques que je prenais depuis quelques temps pour faire face. J\u2019ai vraiment puis conscience qu\u2019il fallait faire quelque chose. Un infirmer qui s\u2019occupe de ma [&hellip;]<\/p>\n","protected":false},"author":1,"featured_media":0,"parent":0,"menu_order":0,"comment_status":"closed","ping_status":"closed","template":"","meta":[],"_links":{"self":[{"href":"https:\/\/sylvie-edeline.com\/index.php\/wp-json\/wp\/v2\/pages\/786"}],"collection":[{"href":"https:\/\/sylvie-edeline.com\/index.php\/wp-json\/wp\/v2\/pages"}],"about":[{"href":"https:\/\/sylvie-edeline.com\/index.php\/wp-json\/wp\/v2\/types\/page"}],"author":[{"embeddable":true,"href":"https:\/\/sylvie-edeline.com\/index.php\/wp-json\/wp\/v2\/users\/1"}],"replies":[{"embeddable":true,"href":"https:\/\/sylvie-edeline.com\/index.php\/wp-json\/wp\/v2\/comments?post=786"}],"version-history":[{"count":2,"href":"https:\/\/sylvie-edeline.com\/index.php\/wp-json\/wp\/v2\/pages\/786\/revisions"}],"predecessor-version":[{"id":788,"href":"https:\/\/sylvie-edeline.com\/index.php\/wp-json\/wp\/v2\/pages\/786\/revisions\/788"}],"wp:attachment":[{"href":"https:\/\/sylvie-edeline.com\/index.php\/wp-json\/wp\/v2\/media?parent=786"}],"curies":[{"name":"wp","href":"https:\/\/api.w.org\/{rel}","templated":true}]}}