{"id":797,"date":"2016-09-17T23:35:40","date_gmt":"2016-09-17T22:35:40","guid":{"rendered":"http:\/\/sylvie-edeline.com\/?page_id=797"},"modified":"2020-01-23T11:20:30","modified_gmt":"2020-01-23T10:20:30","slug":"accident-et-douleur-au-cou","status":"publish","type":"page","link":"https:\/\/sylvie-edeline.com\/index.php\/accident-et-douleur-au-cou\/","title":{"rendered":"Accident et douleur au cou"},"content":{"rendered":"<p>Manuscrit 07.07.2010<\/p>\n<p>Un petit mot pour nous dire le b\u00e9n\u00e9fice que j\u2019ai retir\u00e9 des s\u00e9ances effectu\u00e9es chez vous.<\/p>\n<p>Pourtant, la 1<sup>\u00e8re<\/sup> fois que je suis venue, je n\u2019en attendais pas grand-chose et m\u00eame, je ne croyais pas vraiment que le magn\u00e9tisme pouvait avoir un effet.<\/p>\n<p>J\u2019ai un mal au dos chronique aggrav\u00e9 par un probl\u00e8me accidentel au niveau du cou. Les douleurs sont tr\u00e8s p\u00e9nibles et usantes et me causent une grande anxi\u00e9t\u00e9. J\u2019ai aussi depuis ce probl\u00e8me accidentel des acouph\u00e8nes intermittents qui varient en fonction de la position du cou.<\/p>\n<p>J\u2019ai vu des ost\u00e9opathes et le r\u00e9sultat n\u2019est\u00a0 pas probant, s\u2019il y a eu am\u00e9lioration partielle, il y a aussi des r\u00e9actions tr\u00e8s douloureuses.<\/p>\n<p>Je suis venue vous voir et les 1\u00e8res s\u00e9ance ont d\u2019abord eu un effet sur la fatigue g\u00e9n\u00e9rale.<\/p>\n<p>Mais \u00e0 la 3\u00e8me s\u00e9ance, alors que j\u2019\u00e9tais en fin d\u2019arr\u00eat de travail, vous m\u2019avez pos\u00e9 une question qui a eu un effet que j\u2019ai r\u00e9ussi \u00e0 exprimer en forte contrari\u00e9t\u00e9 aupr\u00e8s de mon conjoint. Mon dos apr\u00e8s quelques temps a eu une forte d\u00e9tente et j\u2019ai pu aller travailler le lendemain.<\/p>\n<p>Mais l\u2019ensemble du probl\u00e8me n\u2019est pas r\u00e9gl\u00e9 pour autant. La derni\u00e8re fois que je suis venue vous voir, j\u2019\u00e9tais ext\u00e9nu\u00e9e par la douleur au cou et l\u2019anxi\u00e9t\u00e9. Je ressens hors de la s\u00e9ance et pour la 1\u00e8re fois des picotements et des fourmillements assez forts dans les bras, les mains, les jambes (surtout la gauche) Lorsque je me suis relev\u00e9e, je me suis sentie beaucoup mieux, beaucoup moins \u00e9puis\u00e9e. C\u2019est m\u00eame incroyable. J\u2019ai pu faire une voyage en voiture (encore avec difficult\u00e9 malgr\u00e9 tout) les contractures et les douleurs sont encore l\u00e0 mais moins fortes.<\/p>\n<p>Je vais donc revenir vous voir de fa\u00e7on plus r\u00e9guli\u00e8re pendant quelques temps.<\/p>\n<p>Merci de votre \u00e9coute et de votre compr\u00e9hension.<\/p>\n<p>C.L\u2026.<\/p>\n","protected":false},"excerpt":{"rendered":"<p>Manuscrit 07.07.2010 Un petit mot pour nous dire le b\u00e9n\u00e9fice que j\u2019ai retir\u00e9 des s\u00e9ances effectu\u00e9es chez vous. Pourtant, la 1\u00e8re fois que je suis venue, je n\u2019en attendais pas grand-chose et m\u00eame, je ne croyais pas vraiment que le magn\u00e9tisme pouvait avoir un effet. J\u2019ai un mal au dos chronique aggrav\u00e9 par un probl\u00e8me [&hellip;]<\/p>\n","protected":false},"author":1,"featured_media":0,"parent":0,"menu_order":0,"comment_status":"closed","ping_status":"closed","template":"","meta":[],"_links":{"self":[{"href":"https:\/\/sylvie-edeline.com\/index.php\/wp-json\/wp\/v2\/pages\/797"}],"collection":[{"href":"https:\/\/sylvie-edeline.com\/index.php\/wp-json\/wp\/v2\/pages"}],"about":[{"href":"https:\/\/sylvie-edeline.com\/index.php\/wp-json\/wp\/v2\/types\/page"}],"author":[{"embeddable":true,"href":"https:\/\/sylvie-edeline.com\/index.php\/wp-json\/wp\/v2\/users\/1"}],"replies":[{"embeddable":true,"href":"https:\/\/sylvie-edeline.com\/index.php\/wp-json\/wp\/v2\/comments?post=797"}],"version-history":[{"count":2,"href":"https:\/\/sylvie-edeline.com\/index.php\/wp-json\/wp\/v2\/pages\/797\/revisions"}],"predecessor-version":[{"id":1839,"href":"https:\/\/sylvie-edeline.com\/index.php\/wp-json\/wp\/v2\/pages\/797\/revisions\/1839"}],"wp:attachment":[{"href":"https:\/\/sylvie-edeline.com\/index.php\/wp-json\/wp\/v2\/media?parent=797"}],"curies":[{"name":"wp","href":"https:\/\/api.w.org\/{rel}","templated":true}]}}