{"id":97,"date":"2016-09-09T10:34:23","date_gmt":"2016-09-09T09:34:23","guid":{"rendered":"http:\/\/sylvie-edeline.com\/?page_id=97"},"modified":"2019-09-26T09:59:45","modified_gmt":"2019-09-26T08:59:45","slug":"que-puis-je-faire","status":"publish","type":"page","link":"https:\/\/sylvie-edeline.com\/index.php\/que-puis-je-faire\/","title":{"rendered":"QUE PUIS-JE FAIRE ?"},"content":{"rendered":"<p>Consulter le menu d\u00e9roulant de la rubrique \u00e0 l&rsquo;aide de la petite fl\u00e8che sur la droite de l&rsquo;onglet, merci<\/p>\n","protected":false},"excerpt":{"rendered":"<p>Consulter le menu d\u00e9roulant de la rubrique \u00e0 l&rsquo;aide de la petite fl\u00e8che sur la droite de l&rsquo;onglet, merci<\/p>\n","protected":false},"author":1,"featured_media":0,"parent":0,"menu_order":0,"comment_status":"closed","ping_status":"closed","template":"","meta":[],"_links":{"self":[{"href":"https:\/\/sylvie-edeline.com\/index.php\/wp-json\/wp\/v2\/pages\/97"}],"collection":[{"href":"https:\/\/sylvie-edeline.com\/index.php\/wp-json\/wp\/v2\/pages"}],"about":[{"href":"https:\/\/sylvie-edeline.com\/index.php\/wp-json\/wp\/v2\/types\/page"}],"author":[{"embeddable":true,"href":"https:\/\/sylvie-edeline.com\/index.php\/wp-json\/wp\/v2\/users\/1"}],"replies":[{"embeddable":true,"href":"https:\/\/sylvie-edeline.com\/index.php\/wp-json\/wp\/v2\/comments?post=97"}],"version-history":[{"count":5,"href":"https:\/\/sylvie-edeline.com\/index.php\/wp-json\/wp\/v2\/pages\/97\/revisions"}],"predecessor-version":[{"id":1752,"href":"https:\/\/sylvie-edeline.com\/index.php\/wp-json\/wp\/v2\/pages\/97\/revisions\/1752"}],"wp:attachment":[{"href":"https:\/\/sylvie-edeline.com\/index.php\/wp-json\/wp\/v2\/media?parent=97"}],"curies":[{"name":"wp","href":"https:\/\/api.w.org\/{rel}","templated":true}]}}