{"id":970,"date":"2016-09-23T08:48:16","date_gmt":"2016-09-23T07:48:16","guid":{"rendered":"http:\/\/sylvie-edeline.com\/?page_id=970"},"modified":"2016-09-23T08:48:33","modified_gmt":"2016-09-23T07:48:33","slug":"migraine","status":"publish","type":"page","link":"https:\/\/sylvie-edeline.com\/index.php\/migraine\/","title":{"rendered":"Migraine"},"content":{"rendered":"<p>Message laiss\u00e9 dans le livret de la salle d&rsquo;attente\u00a021.07.2013<\/p>\n<p>&nbsp;<\/p>\n<p>Merci de m&rsquo;avoir soign\u00e9 pour mes migraines.<\/p>\n<p>1er rdv, courant mars, depuis plus rien.<\/p>\n<p>J&rsquo;avais une migraine carabin\u00e9e presque mensuelle avec des vomissements et couch\u00e9e toute la journ\u00e9e, t\u00eate dans l&rsquo;\u00e9tau&#8230;<\/p>\n<p>Je suis soulag\u00e9e et je vis maintenant, sereinement .<\/p>\n<p>Merci pour ce bonheur et cette qualit\u00e9 de vie<\/p>\n<p>R&#8230;<\/p>\n","protected":false},"excerpt":{"rendered":"<p>Message laiss\u00e9 dans le livret de la salle d&rsquo;attente\u00a021.07.2013 &nbsp; Merci de m&rsquo;avoir soign\u00e9 pour mes migraines. 1er rdv, courant mars, depuis plus rien. J&rsquo;avais une migraine carabin\u00e9e presque mensuelle avec des vomissements et couch\u00e9e toute la journ\u00e9e, t\u00eate dans l&rsquo;\u00e9tau&#8230; Je suis soulag\u00e9e et je vis maintenant, sereinement . Merci pour ce bonheur et [&hellip;]<\/p>\n","protected":false},"author":1,"featured_media":0,"parent":0,"menu_order":0,"comment_status":"closed","ping_status":"closed","template":"","meta":[],"_links":{"self":[{"href":"https:\/\/sylvie-edeline.com\/index.php\/wp-json\/wp\/v2\/pages\/970"}],"collection":[{"href":"https:\/\/sylvie-edeline.com\/index.php\/wp-json\/wp\/v2\/pages"}],"about":[{"href":"https:\/\/sylvie-edeline.com\/index.php\/wp-json\/wp\/v2\/types\/page"}],"author":[{"embeddable":true,"href":"https:\/\/sylvie-edeline.com\/index.php\/wp-json\/wp\/v2\/users\/1"}],"replies":[{"embeddable":true,"href":"https:\/\/sylvie-edeline.com\/index.php\/wp-json\/wp\/v2\/comments?post=970"}],"version-history":[{"count":1,"href":"https:\/\/sylvie-edeline.com\/index.php\/wp-json\/wp\/v2\/pages\/970\/revisions"}],"predecessor-version":[{"id":971,"href":"https:\/\/sylvie-edeline.com\/index.php\/wp-json\/wp\/v2\/pages\/970\/revisions\/971"}],"wp:attachment":[{"href":"https:\/\/sylvie-edeline.com\/index.php\/wp-json\/wp\/v2\/media?parent=970"}],"curies":[{"name":"wp","href":"https:\/\/api.w.org\/{rel}","templated":true}]}}